est common divisor of 220245 and 25290?
15
Calculate the greatest common divisor of 990135 and 85.
5
What is the greatest common divisor of 559958 and 4715?
23
What is the highest common factor of 23611271 and 23?
23
What is the greatest common divisor of 25900 and 363100?
100
What is the highest common divisor of 276 and 2706111?
69
What is the greatest common factor of 28 and 291445?
7
Calculate the greatest common factor of 145390 and 770.
70
Calculate the greatest common factor of 8749120 and 164160.
6080
Calculate the greatest common factor of 233711 and 204363.
29
Calculate the highest common divisor of 13740 and 10233552.
2748
Calculate the greatest common divisor of 310 and 9899230.
310
Calculate the greatest common divisor of 90750 and 80415390.
3630
Calculate the greatest common divisor of 281525329 and 1117.
1117
What is the highest common factor of 198 and 25116476?
22
Calculate the greatest common factor of 40 and 17615170.
10
What is the greatest common factor of 429 and 17623047?
39
What is the highest common divisor of 6 and 2655916?
2
Calculate the greatest common divisor of 5467332 and 101.
101
Calculate the highest common divisor of 140113 and 2615163.
839
What is the highest common factor of 236792 and 5624?
8
What is the highest common divisor of 23789150 and 61600?
3850
Calculate the greatest common factor of 45 and 15988500.
45
Calculate the highest common divisor of 544602 and 99246.
834
Calculate the greatest common divisor of 30 and 172668.
6
Calculate the highest common factor of 3962423 and 39533.
3041
Calculate the highest common factor of 6284154 and 74.
74
What is the greatest common factor of 4045567 and 1?
1
What is the greatest common divisor of 105 and 10746345?
15
Calculate the greatest common factor of 540 and 1018740.
60
Calculate the greatest common divisor of 1247 and 405169005.
1247
What is the greatest common divisor of 18 and 35652843?
9
What is the highest common factor of 139505000 and 20?
20
Calculate the highest common divisor of 665 and 817019.
133
What is the highest common factor of 65129890 and 170?
170
Calculate the greatest common factor of 8084 and 6092584.
172
What is the highest common divisor of 1044 and 57031110?
522
What is the greatest common divisor of 14 and 23662667?
7
What is the greatest common divisor of 16300 and 106025?
25
What is the highest common factor of 4136 and 4109831?
11
Calculate the highest common factor of 220 and 3493830.
10
Calculate the greatest common factor of 904 and 413844.
4
What is the greatest common divisor of 89522609 and 44?
11
Calculate the greatest common factor of 562437 and 167203.
37
Calculate the greatest common factor of 1581 and 3046990.
31
What is the highest common divisor of 10983003 and 102?
51
What is the greatest common divisor of 25850 and 138050?
550
Calculate the greatest common divisor of 46926495 and 812.
203
What is the greatest common divisor of 140 and 5507500?
20
Calculate the greatest common divisor of 3353 and 48027.
7
What is the highest common factor of 1824575 and 1475?
1475
What is the highest common divisor of 2085 and 13618803?
417
Calculate the highest common factor of 316 and 271189778.
158
Calculate the highest common divisor of 4972937655 and 13881.
13881
Calculate the greatest common factor of 728670 and 2288730.
3210
What is the highest common factor of 33118320 and 84?
12
Calculate the greatest common factor of 2370 and 1785120.
30
What is the highest common factor of 1928 and 26872?
8
Calculate the highest common factor of 7415914 and 66.
22
Calculate the highest common factor of 1494 and 150681852.
1494
What is the highest common factor of 11103468 and 20304?
564
Calculate the highest common divisor of 1767380 and 304.
76
What is the greatest common factor of 7 and 32942581?
7
Calculate the highest common factor of 56284 and 412.
4
What is the highest common factor of 10985357 and 1363?
47
What is the highest common factor of 9439654 and 196?
98
What is the highest common factor of 360356 and 124?
4
Calculate the greatest common factor of 9310802 and 29219.
479
What is the greatest common factor of 72457 and 1580733?
77
What is the highest common factor of 580 and 60255185?
145
Calculate the highest common divisor of 11775384 and 198.
18
Calculate the greatest common factor of 663963 and 3741.
129
What is the greatest common factor of 78 and 12095304?
78
What is the highest common divisor of 19008 and 117942?
66
What is the highest common divisor of 4018294 and 6026?
262
What is the highest common factor of 84500 and 322725?
325
What is the highest common factor of 20605680 and 5760?
720
Calculate the greatest common divisor of 22 and 2624468.
22
What is the greatest common factor of 5406 and 1033924?
106
What is the greatest common factor of 2304 and 2921216?
256
Calculate the greatest common divisor of 130314864 and 150539.
5191
Calculate the greatest common factor of 4826163 and 51048.
2127
What is the highest common factor of 76 and 14754602?
38
Calculate the highest common factor of 7320 and 4730916.
732
Calculate the greatest common divisor of 21839436 and 17632.
2204
Calculate the highest common factor of 54275 and 1029275.
325
Calculate the greatest common divisor of 280 and 8191610.
70
Calculate the greatest common divisor of 28 and 16858592.
4
Calculate the greatest common factor of 14307 and 4609989.
57
What is the greatest common divisor of 123894825 and 1763?
1763
What is the greatest common factor of 443043524 and 22?
22
Calculate the greatest common divisor of 46844 and 1080940.
196
What is the highest common factor of 5774 and 160636?
2
What is the greatest common divisor of 13362916 and 224?
28
Calculate the highest common divisor of 12 and 57520356.
12
Calculate the highest common factor of 1978953 and 867.
51
What is the highest common factor of 49528 and 674064?
1208
Calculate the highest common divisor of 47 and 189273935.
47
What is the greatest common divisor of 18 and 196786998?
18
Calculate the highest common factor of 33 and 1243229691.
33
What is the highest common factor of 104 and 129319528?
104
What is the greatest common factor of 65096 and 2279624?
632
Calculate the greatest common factor of 2552150 and 2450.
50
What is the highest common divisor of 8239 and 4066062?
77
Calculate the highest common divisor of 52960100 and 100.
100
Calculate the highest common factor of 30756 and 2070438.
1398
Calculate the greatest common divisor of 116508 and 2646.
42
Calculate the highest common divisor of 122730249 and 151278.
3981
Calculate the greatest common divisor of 68377041 and 81.
81
What is the highest common divisor of 189630 and 149382?
774
What is the greatest common divisor of 42050 and 10204694?
1682
Calculate the greatest common divisor of 8256 and 1132448.
1376
Calculate the greatest common factor of 6319 and 22136347.
89
What is the highest common divisor of 3650404 and 174?
58
Calculate the highest common factor of 125 and 2358205.
5
Calculate the highest common factor of 133920 and 46680.
120
What is the highest common divisor of 278 and 119104?
2
What is the greatest common divisor of 5187 and 143805129?
741
Calculate the highest common factor of 988 and 686242.
38
What is the greatest common factor of 86980971 and 1386?
231
What is the greatest common factor of 942 and 302487504?
942
Calculate the greatest common divisor of 55777 and 526847.
289
What is the greatest common divisor of 10114 and 228982?
26
What is the greatest common factor of 9595204 and 1206?
134
Calculate the highest common divisor of 435420 and 2581191.
531
Calculate the highest common divisor of 27383783 and 192325.
1099
Calculate the highest common factor of 15442 and 1582.
14
Calculate the highest common divisor of 14685302 and 266828.
3254
Calculate the greatest common factor of 1594437 and 325.
13
What is the greatest common factor of 400 and 90247400?
200
Calculate the greatest common divisor of 236253160 and 18045.
2005
Calculate the greatest common divisor of 51 and 572063345.
17
Calculate the greatest common factor of 25848 and 176724.
36
Calculate the greatest common factor of 46 and 100608854.
46
Calculate the greatest common factor of 58350 and 1279050.
150
What is the highest common divis